{"id":425,"date":"2024-01-18T05:56:52","date_gmt":"2024-01-18T08:56:52","guid":{"rendered":"http:\/\/leibnitz.edu.ar\/?page_id=425"},"modified":"2025-12-11T22:05:35","modified_gmt":"2025-12-12T01:05:35","slug":"examenes-finales","status":"publish","type":"page","link":"https:\/\/leibnitz.edu.ar\/index.php\/examenes-finales\/","title":{"rendered":"Examenes Finales"},"content":{"rendered":"\t\t<div data-elementor-type=\"wp-page\" data-elementor-id=\"425\" class=\"elementor elementor-425\" data-elementor-post-type=\"page\">\n\t\t\t\t<div class=\"elementor-element elementor-element-4293ca5 e-con-full e-flex e-con e-parent\" data-id=\"4293ca5\" data-element_type=\"container\" data-e-type=\"container\">\n\t\t\t\t<div class=\"elementor-element elementor-element-c2606b6 elementor-widget elementor-widget-image\" data-id=\"c2606b6\" data-element_type=\"widget\" data-e-type=\"widget\" data-widget_type=\"image.default\">\n\t\t\t\t<div class=\"elementor-widget-container\">\n\t\t\t\t\t\t\t\t\t\t\t\t\t\t\t<img fetchpriority=\"high\" decoding=\"async\" width=\"2560\" height=\"422\" src=\"https:\/\/leibnitz.edu.ar\/wp-content\/uploads\/2024\/01\/Examenes-scaled.jpg\" class=\"attachment-full size-full wp-image-589\" alt=\"\" srcset=\"https:\/\/leibnitz.edu.ar\/wp-content\/uploads\/2024\/01\/Examenes-scaled.jpg 2560w, https:\/\/leibnitz.edu.ar\/wp-content\/uploads\/2024\/01\/Examenes-300x49.jpg 300w, https:\/\/leibnitz.edu.ar\/wp-content\/uploads\/2024\/01\/Examenes-1024x169.jpg 1024w, https:\/\/leibnitz.edu.ar\/wp-content\/uploads\/2024\/01\/Examenes-768x127.jpg 768w, https:\/\/leibnitz.edu.ar\/wp-content\/uploads\/2024\/01\/Examenes-1536x253.jpg 1536w, https:\/\/leibnitz.edu.ar\/wp-content\/uploads\/2024\/01\/Examenes-2048x338.jpg 2048w\" sizes=\"(max-width: 2560px) 100vw, 2560px\" \/>\t\t\t\t\t\t\t\t\t\t\t\t\t\t\t<\/div>\n\t\t\t\t<\/div>\n\t\t\t\t<\/div>\n\t\t<div class=\"elementor-element elementor-element-7eafcad e-flex e-con-boxed e-con e-parent\" data-id=\"7eafcad\" data-element_type=\"container\" data-e-type=\"container\">\n\t\t\t\t\t<div class=\"e-con-inner\">\n\t\t\t\t<div class=\"elementor-element elementor-element-504a6c8 elementor-widget__width-initial elementor-widget elementor-widget-text-editor\" data-id=\"504a6c8\" data-element_type=\"widget\" data-e-type=\"widget\" data-widget_type=\"text-editor.default\">\n\t\t\t\t<div class=\"elementor-widget-container\">\n\t\t\t\t\t\t\t\t\t<p><span style=\"text-decoration: underline;\"><strong>Fechas de Ex\u00e1menes Finales &#8211; Febrero\/Marzo 2026<\/strong><\/span><\/p>\n<p><strong>El per\u00edodo de EX\u00c1MENES FINALES ser\u00e1 desde el 23\/02\/2026 al 13\/03\/2026&nbsp;<\/strong><\/p>\n<p>Hac\u00e9 click en la carrera correspondiente para descargar el PDF con el detalle completo de las fechas.<\/p>\n<p><a href=\"https:\/\/leibnitz.edu.ar\/wp-content\/uploads\/2025\/12\/Fechas-Tecnico-en-Gestion-Febrero-2026.pdf\" target=\"_blank\">T\u00c9CNICO SUPERIOR EN GESTI\u00d3N ADMINISTRATIVA &#8211; TSGA<\/a><\/p>\n<p><a href=\"https:\/\/leibnitz.edu.ar\/wp-content\/uploads\/2025\/12\/Fechas-Tecnico-en-Hardware-Febrero-2026.pdf\" target=\"_blank\">T\u00c9CNICO SUPERIOR EN HARDWARE &#8211; TSH<\/a><\/p>\n<p><a href=\"https:\/\/leibnitz.edu.ar\/wp-content\/uploads\/2025\/12\/Fechas-Analista-de-Sistemas-Febrero-2026.pdf\" target=\"_blank\">ANALISTA DE SISTEMAS DE COMPUTACI\u00d3N &#8211; ASC<\/a><\/p>\n<p><a href=\"https:\/\/leibnitz.edu.ar\/wp-content\/uploads\/2025\/12\/Fechas-Marketing-Digital-Febrero-2026.pdf\" target=\"_blank\">T\u00c9CNICO SUPERIOR EN MARKETING DIGITAL &#8211; TSMD<\/a><\/p>\t\t\t\t\t\t\t\t<\/div>\n\t\t\t\t<\/div>\n\t\t\t\t\t<\/div>\n\t\t\t\t<\/div>\n\t\t<div class=\"elementor-element elementor-element-dfe70fc e-flex e-con-boxed e-con e-parent\" data-id=\"dfe70fc\" data-element_type=\"container\" data-e-type=\"container\">\n\t\t\t\t\t<div class=\"e-con-inner\">\n\t\t\t\t<div class=\"elementor-element elementor-element-7f4f634 elementor-widget__width-initial elementor-widget elementor-widget-text-editor\" data-id=\"7f4f634\" data-element_type=\"widget\" data-e-type=\"widget\" data-widget_type=\"text-editor.default\">\n\t\t\t\t<div class=\"elementor-widget-container\">\n\t\t\t\t\t\t\t\t\t<p><span style=\"text-decoration: underline;\"><strong>INSCRIPCI\u00d3N<\/strong><\/span><\/p><p><strong>Per\u00edodo de INSCRIPCI\u00d3N a Ex\u00e1menes Finales: desde el 12\/12\/2025 al\u00a0 inclusive 20\/02\/2026.<\/strong><\/p><p><strong>Requisito:\u00a0<\/strong><span style=\"text-align: var(--text-align);\">para inscribirse y rendir en febrero\/marzo deben tener abonada la inscripci\u00f3n 2026.<\/span><\/p><p><a href=\"https:\/\/forms.gle\/q4qB9v4dXTx4YAsj7\" target=\"_blank\" rel=\"noopener\">T\u00c9CNICO SUPERIOR EN GESTI\u00d3N ADMINISTRATIVA &#8211; TSGA<\/a><\/p><p><a href=\"https:\/\/forms.gle\/Lv3WKjbboFjTjXT5A\" target=\"_blank\" rel=\"noopener\">T\u00c9CNICO SUPERIOR EN HARDWARE &#8211; TSH\u00a0<\/a><\/p><p><a href=\"https:\/\/forms.gle\/MbjAyqbVQoRdS3JN8\" target=\"_blank\" rel=\"noopener\">ANALISTA DE SISTEMAS DE COMPUTACI\u00d3N &#8211; AS<\/a><\/p><p><a href=\"https:\/\/forms.gle\/M3TfXPVpCvkN3vsE9\" target=\"_blank\" rel=\"noopener\">T\u00c9CNICO SUPERIOR EN MARKETING DIGITAL<\/a><\/p><p><!-- notionvc: 6e8847e8-1788-4c27-8a00-0864a6ba71ec --><\/p>\t\t\t\t\t\t\t\t<\/div>\n\t\t\t\t<\/div>\n\t\t\t\t\t<\/div>\n\t\t\t\t<\/div>\n\t\t\t\t<\/div>\n\t\t","protected":false},"excerpt":{"rendered":"<p>Fechas de Ex\u00e1menes Finales &#8211; Febrero\/Marzo 2026 El per\u00edodo de EX\u00c1MENES FINALES ser\u00e1 desde el 23\/02\/2026 al 13\/03\/2026&nbsp; Hac\u00e9 click en la carrera correspondiente para descargar el PDF con el detalle completo de las fechas. T\u00c9CNICO SUPERIOR EN GESTI\u00d3N ADMINISTRATIVA &#8211; TSGA T\u00c9CNICO SUPERIOR EN HARDWARE &#8211; TSH ANALISTA DE SISTEMAS DE COMPUTACI\u00d3N &#8211; ASC [&hellip;]<\/p>\n","protected":false},"author":1,"featured_media":0,"parent":0,"menu_order":0,"comment_status":"closed","ping_status":"closed","template":"","meta":{"_joinchat":[],"footnotes":""},"class_list":["post-425","page","type-page","status-publish","hentry"],"_links":{"self":[{"href":"https:\/\/leibnitz.edu.ar\/index.php\/wp-json\/wp\/v2\/pages\/425","targetHints":{"allow":["GET"]}}],"collection":[{"href":"https:\/\/leibnitz.edu.ar\/index.php\/wp-json\/wp\/v2\/pages"}],"about":[{"href":"https:\/\/leibnitz.edu.ar\/index.php\/wp-json\/wp\/v2\/types\/page"}],"author":[{"embeddable":true,"href":"https:\/\/leibnitz.edu.ar\/index.php\/wp-json\/wp\/v2\/users\/1"}],"replies":[{"embeddable":true,"href":"https:\/\/leibnitz.edu.ar\/index.php\/wp-json\/wp\/v2\/comments?post=425"}],"version-history":[{"count":100,"href":"https:\/\/leibnitz.edu.ar\/index.php\/wp-json\/wp\/v2\/pages\/425\/revisions"}],"predecessor-version":[{"id":2907,"href":"https:\/\/leibnitz.edu.ar\/index.php\/wp-json\/wp\/v2\/pages\/425\/revisions\/2907"}],"wp:attachment":[{"href":"https:\/\/leibnitz.edu.ar\/index.php\/wp-json\/wp\/v2\/media?parent=425"}],"curies":[{"name":"wp","href":"https:\/\/api.w.org\/{rel}","templated":true}]}}